it of 423534505?
5
What is the thousands digit of 101155727?
5
What is the ten millions digit of 97956296?
9
What is the tens digit of 39397180?
8
What is the millions digit of 82445628?
2
What is the units digit of 8883680?
0
What is the ten millions digit of 2422936418?
2
What is the millions digit of 34682502?
4
What is the hundreds digit of 313880385?
3
What is the ten millions digit of 910374652?
1
What is the tens digit of 134008718?
1
What is the thousands digit of 43838917?
8
What is the ten millions digit of 1091208287?
9
What is the ten millions digit of 521998576?
2
What is the units digit of 22741?
1
What is the hundred millions digit of 176207305?
1
What is the millions digit of 87238572?
7
What is the thousands digit of 3106412225?
2
What is the units digit of 11960527?
7
What is the hundred thousands digit of 15971086?
9
What is the hundreds digit of 26634485?
4
What is the millions digit of 16922751?
6
What is the tens digit of 2762701374?
7
What is the ten thousands digit of 550498144?
9
What is the thousands digit of 494927401?
7
What is the millions digit of 660802673?
0
What is the millions digit of 245846124?
5
What is the ten thousands digit of 32752529?
5
What is the thousands digit of 675125996?
5
What is the hundred thousands digit of 67233549?
2
What is the units digit of 67320272?
2
What is the ten thousands digit of 258381311?
8
What is the hundred millions digit of 112159123?
1
What is the hundreds digit of 172612993?
9
What is the hundred thousands digit of 51179104?
1
What is the hundred thousands digit of 26341111?
3
What is the tens digit of 3486643?
4
What is the hundred millions digit of 201595020?
2
What is the tens digit of 2483445966?
6
What is the ten millions digit of 72414885?
7
What is the ten millions digit of 215024698?
1
What is the ten millions digit of 786478234?
8
What is the units digit of 289099183?
3
What is the units digit of 1309224631?
1
What is the hundreds digit of 41703369?
3
What is the hundred millions digit of 1197638711?
1
What is the ten thousands digit of 6898648?
9
What is the hundreds digit of 3028623527?
5
What is the ten millions digit of 476764752?
7
What is the thousands digit of 3277941?
7
What is the ten millions digit of 2695044037?
9
What is the ten thousands digit of 29106690?
0
What is the hundred thousands digit of 69568913?
5
What is the hundred thousands digit of 690954356?
9
What is the hundreds digit of 9542535?
5
What is the hundred thousands digit of 55899601?
8
What is the tens digit of 50683008?
0
What is the ten thousands digit of 315534813?
3
What is the hundred millions digit of 265559248?
2
What is the hundred millions digit of 962538937?
9
What is the hundreds digit of 1724318520?
5
What is the thousands digit of 153018317?
8
What is the thousands digit of 75815443?
5
What is the hundreds digit of 15668573?
5
What is the hundred millions digit of 450122635?
4
What is the hundreds digit of 4804467371?
3
What is the ten millions digit of 3224084932?
2
What is the tens digit of 14976607?
0
What is the tens digit of 97710136?
3
What is the units digit of 2437562?
2
What is the billions digit of 1357246021?
1
What is the ten millions digit of 16378737?
1
What is the ten millions digit of 376470025?
7
What is the hundred millions digit of 2577793932?
5
What is the units digit of 29855801?
1
What is the thousands digit of 338218122?
8
What is the tens digit of 1026752390?
9
What is the tens digit of 77115592?
9
What is the tens digit of 85444698?
9
What is the ten millions digit of 1421280803?
2
What is the hundred thousands digit of 2367229414?
2
What is the tens digit of 7630351007?
0
What is the units digit of 30913901?
1
What is the ten millions digit of 22170206?
2
What is the hundred thousands digit of 35223189?
2
What is the millions digit of 297700094?
7
What is the billions digit of 1444985482?
1
What is the ten millions digit of 1635071336?
3
What is the ten thousands digit of 80701002?
0
What is the hundreds digit of 2467438?
4
What is the ten thousands digit of 81471317?
7
What is the units digit of 50156188?
8
What is the units digit of 1582779464?
4
What is the tens digit of 423598714?
1
What is the ten millions digit of 4214642754?
1
What is the ten thousands digit of 3813793733?
9
What is the ten millions digit of 66142484?
6
What is the millions digit of 84887985?
4
What is the hundreds digit of 36604641?
6
What is the ten thousands digit of 369055758?
5
What is the tens digit of 54672444?
4
What is the hundred millions digit of 1032039399?
0
What is the hundred millions digit of 2649382633?
6
What is the hundreds digit of 287711075?
0
What is the hundred millions digit of 111114218?
1
What is the ten millions digit of 31683365?
3
What is the millions digit of 54325936?
4
What is the units digit of 151708866?
6
What is the tens digit of 182341689?
8
What is the ten thousands digit of 4600805031?
0
What is the ten thousands digit of 907176900?
7
What is the hundred thousands digit of 3122355457?
3
What is the hundred thousands digit of 1800602088?
6
What is the ten thousands digit of 2489419027?
1
What is the units digit of 757748821?
1
What is the hundreds digit of 2766878073?
0
What is the hundreds digit of 201168246?
2
What is the units digit of 664339963?
3
What is the units digit of 2474780760?
0
What is the hundred millions digit of 276696537?
2
What is the ten thousands digit of 136592920?
9
What is the units digit of 7225113814?
4
What is the tens digit of 18720772?
7
What is the units digit of 105092567?
7
What is the ten thousands digit of 32845192?
4
What is the thousands digit of 10698236?
8
What is the tens digit of 97679259?
5
What is the tens digit of 281537143?
4
What is the millions digit of 21604326?
1
What is the units digit of 474929758?
8
What is the thousands digit of 717034812?
4
What is the millions digit of 63836602?
3
What is the ten thousands digit of 449791026?
9
What is the ten millions digit of 61027677?
6
What is the ten millions digit of 19863841?
1
What is the units digit of 299306674?
4
What is the millions digit of 73396180?
3
What is the ten millions digit of 61242104?
6
What is the ten millions digit of 317382262?
1
What is the tens digit of 374119450?
5
What is the ten millions digit of 532804742?
3
What is the units digit of 34173003?
3
What is the hundreds digit of 220631222?
2
What is the millions digit of 260030133?
0
What is the tens digit of 464305479?
7
What is the ten thousands digit of 1399330154?
3
What is the hundred thousands digit of 2820616485?
6
What is the hundreds digit of 73054188?
1
What is the hundreds digit of 32098643?
6
What is the hundreds digit of 118031159?
1
What is the thousands digit of 2903631151?
1
What is the ten millions digit of 1744828311?
4
What is the units digit of 691421697?
7
What is the thousands digit of 58958247?
8
What is the millions digit of 814867029?
4
What is the tens digit of 33314083?
8
What is the hundreds digit of 69462193?
1
What is the hundred millions digit of 449261720?
4
What is the units digit of 2540812219?
9
What is the hundred thousands digit of 3949988?
9
What is the units digit of 41628910?
0
What is the units digit of 4430516?
6
What is the hundred thousands digit of 104490138?
4
What is the hundreds digit of 504675330?
3
What is the units digit of 53475006?
6
What is the millions digit of 7092804101?
2
What is the thousands digit of 773350?
3
What is the ten thousands digit of 83509650?
0
What is the ten millions digit of 25457151?
2
What is the hundred thousands digit of 5378192?
3
What is the ten millions digit of 21745323?
2
What is the thousands digit of 67742775?
2
What is the ten thousands digit of 66326015?
2
What is the millions digit of 255088349?
5
What is the hundred thousands digit of 3306430547?
4
What is the ten millions digit of 196646477?
9
What is the millions digit of 201108181?
1
What is the ten thousands digit of 6114123567?
2
What is the thousands digit of 712550384?
0
What is the billions digit of 1703014757?
1
What is the tens digit of 22372705?
0
What is the thousands digit of 48718112?
8
What is the hundred millions digit of 380423747?
3
What is the millions digit of 105016940?
5
What is the ten millions digit of 52